38/3 is divided by p(11).
9
Suppose -4*k = 5*c - 523, -38*k = -34*k - 2*c - 530. What is the remainder when k is divided by 39?
15
Let w(a) = 17*a - 30. Let f be w(9). Suppose 6*v = 291 + f. Calculate the remainder when v is divided by 18.
15
Suppose 8*q + 39 - 175 = 0. Suppose m + 14 = 2*x + 4*m, 2*x - 10 = -5*m. Calculate the remainder when q is divided by x.
7
Suppose -y = -v + 36, 5*v = 4*v + 4*y + 48. Let p = v + -21. Let h = -6 + 38. What is the remainder when h is divided by p?
10
Let r(p) = -2*p - 11. Let b be r(-7). Suppose -2*q = -b*j + 95, 7*j - 20 = 3*j. What is the remainder when 19 is divided by (-14)/(-4)*q/(-14)?
9
Let p be 1 + (2 - -2)/2. Suppose p*f = -19 + 1. What is the remainder when 27 is divided by 28/3*(-9)/f?
13
Suppose -142*w = -138*w - 244. What is the remainder when 242 is divided by w?
59
Let a be (-2)/4*(3 + (-3 - 0)). Suppose -5*g + 216 = -139. Suppose a*r + r - 5*m = 58, 0 = -2*r - 5*m + g. Calculate the remainder when r is divided by 23.
20
Suppose -26*x = -30*x + d + 24, -4*x = -2*d - 28. Calculate the remainder when 8 is divided by x.
3
Let v be 16*3*2/12. Let o = -114 - -184. What is the remainder when o is divided by (-3190)/(-176) - 1/v?
16
Suppose 0 = -3*f - x + 1162, 3*x + 955 = 2*f + 162. Calculate the remainder when f is divided by 80.
69
Suppose -5*w + 34 = 3*k + 2, 12 = -k + 4*w. Suppose 2*j = k*j - 48. Calculate the remainder when 44 is divided by j.
20
Let q = -134 + 142. Suppose -q*c - 110 = -542. What is the remainder when c is divided by (4/1)/(1/7)?
26
Suppose -4*h + 5*l + 74 = 0, -27*l = -2*h - 23*l + 40. What is the remainder when 29 is divided by h?
13
Let p = 10 - 7. Suppose 0*w - p*w = 3*c + 3, -w = -4*c - 19. Let g = 0 + 9. Calculate the remainder when g is divided by w.
0
Let x = -409 - -573. Calculate the remainder when x is divided by 55.
54
Suppose 7*f - 9 = -2. Suppose 0 = 5*o + f - 11. Calculate the remainder when 6 is divided by o.
0
Let z = -4131 - -4206. Suppose -2*m + 45 = -j, j - 17 = -3*m + 38. Calculate the remainder when z is divided by m.
15
Let k = 486 + -97. Suppose 5*g - 226 = k. Calculate the remainder when g is divided by 21.
18
Let i = 7 - 5. Suppose 3*b + i*b - 220 = 0. What is the remainder when 173 is divided by b?
41
Let k(x) = x**3 + 8*x**2 - 7*x + 3. Let m(g) = -g**3 - 9*g**2 - 10*g + 5. Let p be m(-8). Suppose p - 13 = -n. What is the remainder when k(n) is divided by 15?
14
What is the remainder when (-4)/(-2) + (56 + -6 - 7) is divided by 12?
9
Suppose f - 10 = -4*f, 0 = -4*p + 4*f - 28. Let g(d) = -d**3 - 3*d**2 + 5*d + 11. Calculate the remainder when g(p) is divided by 13.
10
Let y = -8 + -46. Let a(p) = -4*p - 12. Calculate the remainder when ((-10)/20)/(1/y) is divided by a(-7).
11
Suppose 5*n - 4*m - 221 = 0, 3*n = -5*m + m + 139. What is the remainder when 311 is divided by n?
41
Let o(p) = 2*p**2 - 4*p + 6. Let l = 81 - 18. Calculate the remainder when l is divided by o(4).
19
Suppose -6*z + 2090 = 13*z. Calculate the remainder when z is divided by 37.
36
Let d(o) = -17 + 0*o + 15 + 18*o**3 + 2*o. What is the remainder when 33 is divided by d(1)?
15
Suppose 0 = -2*z - 5*a - 3, -3 - 5 = -3*z + 5*a. Let l = z - 3. Calculate the remainder when 116/(-6)*3/l is divided by 16.
13
Let q = -266 - -271. What is the remainder when (-396)/(-15) - 12/(-20) is divided by q?
2
Suppose 8*m - 3*m = 0. Suppose m = 7*n + 48 - 181. What is the remainder when 54 is divided by n?
16
Calculate the remainder when ((-279)/12)/((58/24)/(-29)) is divided by 21.
6
Suppose 0 = -2*l - o + 266, -4*o = 12*l - 9*l - 394. Calculate the remainder when l is divided by 69.
65
Let u(t) = 4*t**3 + 3*t**2 + 14*t + 8. Let v(h) = 3*h**3 + 4*h**2 + 13*h + 8. Let z(c) = 2*u(c) - 3*v(c). What is the remainder when 10 is divided by z(-4)?
2
Suppose 2*x - 528 = -2*a + 78, a - 307 = -3*x. Calculate the remainder when a is divided by 101.
99
Suppose 0 = -2*g + 16 - 2. Let x = g - 5. Suppose 34 = 2*c + x. What is the remainder when 61 is divided by c?
13
Let t(s) = s**3 - 20*s**2 + 12*s + 154. Calculate the remainder when t(19) is divided by 1/(1/(-2)) + 13.
10
Suppose 2*l = 16 + 4. Let q(f) = -5*f**3 + l + 3 - f**3 + f + 7*f**3. What is the remainder when 37 is divided by q(0)?
11
Let d(a) = -5*a. Let x be d(-1). Suppose -q = -x*u + 4, -q + 4*u = 2*q + 23. Calculate the remainder when (-52)/q - 16/(-72) is divided by 3.
0
Let r be 0 + (50/6)/(3/(-9)). Calculate the remainder when 9 is divided by (-10)/r + (-36)/(-10).
1
Suppose -39*x = -2*g - 35*x + 74, 5*g - 3*x = 213. What is the remainder when g is divided by 37?
8
Let p = 9 + -19. Let f = 2 - p. Suppose -f*m + 15*m = 24. Calculate the remainder when 23 is divided by m.
7
Let f(x) = 2*x - 19. Let d be f(4). Let q = 87 - d. What is the remainder when q is divided by 25?
23
Suppose 146 + 463 = 7*z. What is the remainder when z is divided by 3?
0
Let b = 1 - 22. Let d be (-1 + 133/21)/(2/(-9)). Let f = b - d. Calculate the remainder when 11 is divided by f.
2
Let g = -24 - -20. Let u(o) be the first derivative of -2*o**2 - 5*o + 4. What is the remainder when 31 is divided by u(g)?
9
What is the remainder when 3/((-30)/(-50)) + (0 - -63) is divided by 19?
11
Let u(r) = 17*r**2 - 2*r. Suppose -5*q - 264 = -389. What is the remainder when u(-2) is divided by q?
22
Let a(g) = g**2 - 23*g - 213. Suppose 5*h - 2*h = 120. What is the remainder when a(33) is divided by h?
37
Calculate the remainder when 27 is divided by -9*4*10/(-40).
0
Suppose 49*v - 8185 - 28761 = 0. What is the remainder when v is divided by 84?
82
Let i(p) = -2*p - 10. Suppose 5*o - 8 = 2, -2*s = 2*o + 12. Let m be i(s). Let h = 5 + m. Calculate the remainder when h is divided by 4.
3
Let k(t) = 13*t - 4. Suppose 159 + 17 = -4*w. Let l = -27 - w. What is the remainder when k(4) is divided by l?
14
Let s = 2 - -13. What is the remainder when s is divided by (-204)/(-33) - (120/66)/10?
3
Let w(r) = -r**3 + 6*r**2 + 2*r + 5. What is the remainder when ((-268)/(-8))/(1/2) is divided by w(6)?
16
Let j(r) = -3*r**2 - 13*r + 21. Let v(k) = -7*k**2 - 25*k + 42. Let h(y) = 9*j(y) - 4*v(y). Calculate the remainder when h(17) is divided by 12.
9
Let p(j) = -3*j - 16. Let f be p(-5). Let i(q) = 23*q**2 + 5*q + 2. Calculate the remainder when 37 is divided by i(f).
17
Let m = -14 + -6. Let r = m - -76. Suppose 86 = 4*t + 26. What is the remainder when r is divided by t?
11
Suppose -2*a + 6 - 2 = 0. Let z(r) = -r**3 + 2*r**2 - 2*r + 1. Let k be z(1). Suppose h + a*h - 18 = k. Calculate the remainder when h is divided by 3.
0
Suppose -4*r + r + 30 = 0. Suppose b - r = -3. What is the remainder when 19 is divided by b?
5
Let v(h) = -h - 1. Let g be v(-7). Suppose 2*j = g + 6. Suppose -2*u - 108 = -j*u. What is the remainder when u is divided by 14?
13
Let x be 28*1 + 1*(5 + -8). What is the remainder when 40 is divided by 5/10*(x - 3)?
7
Suppose 570 = 2*u - 3*b, -3*u + 855 = -15*b + 10*b. What is the remainder when u is divided by 49?
40
Calculate the remainder when 92 is divided by (1 + -65)/(16/(-8)).
28
Calculate the remainder when (-677)/(-10) + (-108)/(-360) is divided by 23.
22
Let g = -38 - -42. Calculate the remainder when 22/(1 - g/(-4)) is divided by 2.
1
Suppose -3*a + 5*a + 148 = 2*d, 2*a = d - 79. Let o be (-8)/(-3)*21/(-4). What is the remainder when d is divided by (-48)/o*(-231)/(-22)?
33
Let n be (3 + -2)*(-1 - -74). Let h = n + -55. Calculate the remainder when h is divided by 5.
3
Suppose -2*d = -7*r + 3*r - 62, 3*d = -3*r + 48. Let i = d + 5. Suppose -1036*j = -1034*j - 32. Calculate the remainder when i is divided by j.
10
Let c(a) = -6*a**3 - 2*a**2 - 4*a + 3. What is the remainder when c(-2) is divided by 9?
6
Let l(g) = -6*g. Calculate the remainder when l(-3) is divided by 5.
3
Let k be (9/15)/(6/30). Calculate the remainder when (-57 + 6)*(-1)/k is divided by 9.
8
Let m(y) = 9*y + 3 + 8*y**2 - 5*y + 10*y**3 - 9*y**3. What is the remainder when m(-7) is divided by 15?
9
Calculate the remainder when 26 is divided by (-416)/(-44) + (-24)/(-44).
6
Suppose 2*g + 6 - 26 = 0. Suppose 0*s = 6*s - 36. Calculate the remainder when (-14)/(4 + (-27)/s) is divided by g.
8
Let w be (-1 + 1)*-1 - -5 - 84. Let k = 46 + -71. Let v = k - w. Calculate the remainder when v is divided by 11.